6 = t. Suppose -3*f - 4*r + 147 = 0, f + 44 = 2*f + 3*r. What is the remainder when t is divided by f?
51
Suppose -d + 60 = n, -3*d = -10*n + 7*n + 198. What is the remainder when 1193 is divided by n?
59
What is the remainder when -3*26/(-78)*790 is divided by 140?
90
Let q = 358 + -255. Calculate the remainder when 3 + (-10)/(-5) + q - 4 is divided by 35.
34
Suppose -23*y - 185*y + 22623 = -42481. Calculate the remainder when 25977 is divided by y.
311
Let f(x) = -14*x**3 - 2*x**2 - 8*x - 6. Let n be f(-1). Suppose 9844 = 9*m + n*m. What is the remainder when m is divided by 72?
68
Let h = -1661 - -2094. Calculate the remainder when h is divided by 31.
30
Let r = -338655 - -338661. What is the remainder when ((-4)/2 - -60)/2 is divided by r?
5
Let v = -17345 - -17682. What is the remainder when v is divided by 318?
19
Suppose 282*c = 20*c + 38341 + 25063. Calculate the remainder when c is divided by 109.
24
Let a(k) = k**2 + 4*k - 29. Let o be a(4). Suppose r - 109 = -4*v, -o*v + 3*r + 24 = -2*v. Calculate the remainder when 181 is divided by v.
19
Let r = -49 - -202. Suppose -3*k - 11*k = 10*k - 1224. What is the remainder when r is divided by k?
0
Let m(u) = u**2 - 7*u - 20. Let w be m(10). Suppose w*r - 12 + 52 = 0. Calculate the remainder when 16 is divided by (9/r)/(5/(-20)).
7
Suppose 5*r - 2*i + 42 = 518, 5*r = 5*i + 470. Suppose 1696*p - 3 = 843*p + 852*p. Calculate the remainder when r is divided by p.
0
Let i = 121 - 30. Suppose 3*f - i = 59. Suppose 620 - f = 5*z. Calculate the remainder when z is divided by 23.
22
Let n = 1670 - 1633. Suppose -m = -4*m + 30. Calculate the remainder when n is divided by m.
7
Suppose -456 - 1119 = -7*m. Let i = m + -205. Calculate the remainder when i is divided by 5.
0
Let z(x) = 8*x**2 + 6*x - 36. Let t be z(-7). Let h = t + -289. What is the remainder when 74 is divided by h?
24
Suppose 55*f - 58*f = 0. Suppose f = 29*j + 819 - 7634. Calculate the remainder when j is divided by 118.
117
Let u(a) = a**2 - 19*a - 382. Let x = 48 + -29. Calculate the remainder when u(-19) is divided by x.
17
Let v = -10842 - -11026. Calculate the remainder when v is divided by -2*(44/8)/(-1).
8
Let q(v) = -5*v**3 + v - v**2 + 7*v - 110 - 7*v + 4*v**3. Let r be q(0). Let x = -73 - r. What is the remainder when 107 is divided by x?
33
Let j = 534 - 244. Let v = j + 371. Calculate the remainder when v is divided by 39.
37
Let a = 567 - 514. Calculate the remainder when 131 is divided by a.
25
Let i(r) = 12*r + 6. Let f be i(4). Suppose 5*b - 4*z = f + 18, -46 = -3*b + z. What is the remainder when b is divided by 6?
4
Let w(u) = -u**3 + 53*u**2 - 181*u - 148. Calculate the remainder when w(48) is divided by 56.
52
What is the remainder when 321 is divided by -87 + 176 + -4*1/1?
66
Calculate the remainder when 1050 is divided by (-2)/(35/(-10) + 4) + 35.
27
Let r(b) = 36*b. Let i be r(-7). Suppose 5*n - 234 = 96. What is the remainder when n is divided by (24/6)/20 + i/(-15)?
15
Suppose 2*k - 2 - 26 = 0. Suppose 37*c + 119*c = -54*c + 3570. What is the remainder when c is divided by -2 + 1*k/2?
2
Suppose 185 = m + 68. Let c(x) = -54*x - 156. What is the remainder when m is divided by c(-3)?
3
Suppose -2*x - 1071 = -3*z, x + 1145 + 626 = 5*z. What is the remainder when z is divided by 350?
3
Suppose 2*z = -3*z + 2975. Let x(b) = -3*b**2 + 245*b + 1698. Calculate the remainder when z is divided by x(88).
23
Suppose 0 = 5*i - 10, -b - 5*i = -0*i - 21. Calculate the remainder when b is divided by (9 - 12 - (-7 + -1)) + 32 + -27.
1
Let r = -212 + 214. Suppose 0 = -3*d - 5*b + 2*b + 69, 0 = 4*d + r*b - 92. Calculate the remainder when 112 is divided by d.
20
Suppose -q + 187 = -3*i, 3*i = 2*q + 2*i - 374. Suppose 59*p + q = 70*p. What is the remainder when 43 is divided by p?
9
Let r(g) = g. Let v = 788 + -785. Suppose -35*h + 34*h = -m - 63, -319 = -5*h + v*m. What is the remainder when h is divided by r(6)?
5
What is the remainder when 1461 is divided by 9/(-18) - (-173)/2?
85
Suppose 105*c = 106*c - 5*q - 539, -3*q + 1455 = 3*c. Suppose 4*f - 5 - 39 = 0. Calculate the remainder when c is divided by f.
10
Let b = -2222 - -2235. Let f be -18*(-2)/(-6)*2. Let y = b - f. What is the remainder when 98 is divided by y?
23
Let p be -1 - (-59 - 1) - -1. Let m(t) = 19*t - 1096. Let k be m(56). Let d = p + k. What is the remainder when d is divided by 10?
8
Let h(q) = -319*q - 212. Calculate the remainder when 955 is divided by h(-1).
99
Suppose 186 = x - 0*x. Suppose 3*s - 91 = -2*j, 7*j - 95*s - 324 = -100*s. Calculate the remainder when x is divided by j.
45
Let u(v) = 5*v - 30. Suppose -6 - 29 = -5*q. What is the remainder when u(q) is divided by 4?
1
Let o(l) = l**3 + 10*l**2 + 3*l + 43. Let d be o(-10). Suppose f = d + 10. Let b = f - -34. What is the remainder when b is divided by 16?
9
Suppose 0 = 4*h + 3*y - 23, 0*y + 4*y - 29 = -5*h. Suppose 3 = h*o - 7. Suppose -37 = -o*i + 11. Calculate the remainder when 69 is divided by i.
21
Let m(n) = 23*n - 342. Let g be -1*-2*-124*(-1)/8. What is the remainder when m(g) is divided by 93?
92
Suppose -2*k - 762 = -96*u + 92*u, u - 177 = 5*k. What is the remainder when 378 is divided by u?
186
Let n be (-3)/(-3*(-6)/(-264)). Suppose -n*m + 304 = -36*m. What is the remainder when m is divided by 4?
2
Suppose 5*o - 5*l = 130, 5*l + 4 = 7*l. Let d = -210 - -294. Suppose -7*n + d = -63. What is the remainder when o is divided by n?
7
Let a(z) = 1177*z - 960. Calculate the remainder when a(1) is divided by 110.
107
Suppose -2 + 10 = o. Let p(d) = d**3 - 40*d**2 + 21*d - 818. Calculate the remainder when p(40) is divided by o.
6
Let q = -11146 + 12070. Calculate the remainder when q is divided by 103.
100
Let o = 104 + -27. Let g(j) = 6*j - 3 + o*j**2 + 27 - 76*j**2. What is the remainder when g(-15) is divided by 10?
9
Suppose -34*i + 39*i - 317 = 4*z, 3*i = 4*z + 195. Calculate the remainder when i is divided by 31.
30
Suppose -5 = 3*o - 2*o, 5*k - 15 = 4*o. Let w = 7 + k. Suppose -5*z = -n - 74, 3*z + 4*n = w*z - 58. Calculate the remainder when 54 is divided by z.
12
Let n = -1314 - -2418. Suppose -775*q + 767*q = -n. Let c(y) = 6*y + 4. Calculate the remainder when q is divided by c(4).
26
Suppose -352 = 10*z - 32*z. Suppose z*x - 208 = 464. What is the remainder when 51 is divided by x?
9
Suppose 5*d - 9 = 1. Suppose -d*w + 29 = -7. What is the remainder when 80 is divided by w?
8
Let z be 12/(-9) - 380/(-6). Let g = z - 45. Let d = 22 + 44. What is the remainder when d is divided by g?
15
Suppose 16247 - 3326 = 59*p. What is the remainder when 2405 is divided by p?
215
Suppose 3*h + 2*f - 6 = -26, 4 = 2*f. Calculate the remainder when (h - -136) + (-3 - 3) is divided by 33.
23
Let i = -71 - -113. Suppose 49*x = i*x + 49. Calculate the remainder when 36 is divided by x.
1
Suppose 12*f - 6334 + 5794 = 0. Calculate the remainder when 52 is divided by f.
7
Let t = -84 + 80. Calculate the remainder when 136 is divided by 6/(-1)*46/t.
67
Let q(s) = -9*s + 2. Let j(f) = -6*f**2 + 86*f - 90. What is the remainder when q(-4) is divided by j(13)?
10
Let r(x) = x - 12. Let a(t) = t**3 + 22*t**2 + 114*t - 35. Calculate the remainder when a(-10) is divided by r(19).
4
Let k = 272 - 421. Let b = k - -153. Calculate the remainder when (-1 - 0) + -1 - -16 is divided by b.
2
Suppose -37846 = -21*o + 19843 - 21632. What is the remainder when 1732 is divided by o?
15
Let c(y) = y**2 + 72*y + 141. Suppose 17*u = 16*u + 8. Calculate the remainder when u is divided by c(-70).
0
Suppose 14*k = 11*k + 18. Let m(v) = -v**2 - 2. Let n be m(k). Let y = 143 + n. What is the remainder when y is divided by 53?
52
Suppose 2*q - 58 = -2*c, -4*q + 4*c + 113 + 11 = 0. What is the remainder when (-243)/(-6)*4/q*5 is divided by 23?
4
Suppose 5*g + 5*q - 37 = 2*q, -3*q - 27 = -3*g. Suppose -3*f + 3*h - g*h + 41 = 0, -2*f - 3*h + 29 = 0. Calculate the remainder when f is divided by 7.
1
Suppose -2*s = b - 280 - 6, -7*s = 4*b - 998. Calculate the remainder when s is divided by 42.
20
Suppose -6*n = 3*n - 279. Let q(z) = -5*z + 53. Calculate the remainder when q(-19) is divided by n.
24
Let s(v) = v**3 + 17*v**2 + 30*v + 5. Let r be s(-15). What is the remainder when 103 is divided by 26 - -1 - (-20)/r?
10
Calculate 